(30 + -3) - i.
7, 11
Let j be (-2 + 1)/(4/(-8)). List the prime factors of j/(-12)*(-6)/(-2)*-6.
3
Suppose 378 = -3*r + 1764. What are the prime factors of r?
2, 3, 7, 11
Let i(c) = 7*c - 8*c + 34 + 5*c. List the prime factors of i(-6).
2, 5
Suppose -9 = -b - c - 3, -b + 3*c = 10. Let s = -122 - -124. Suppose 0 = s*z + b*z - 108. List the prime factors of z.
3
Suppose 4*u + n = 6*n + 69, 2*n = 4*u - 54. Let r be 2/(-6) - (-58)/(-6). What are the prime factors of (u/(-1))/(5/r)?
2, 11
Suppose 9*u - 167 = 3181. What are the prime factors of u?
2, 3, 31
Let c(p) = 2424*p**3 + 3*p**2 - 5*p + 1. List the prime factors of c(1).
2423
Suppose -3*c = y - 442, -986 = -3*y + c + 350. Let t = y + -286. What are the prime factors of t?
3, 53
Let y = 3759 - 2611. What are the prime factors of y?
2, 7, 41
Let a(o) = -59*o - 143. What are the prime factors of a(-19)?
2, 3, 163
What are the prime factors of 10484/8*24/12?
2621
Let t be (-2)/12 - 10*85/(-60). What are the prime factors of 724/t - 5*10/(-175)?
2, 13
Let j(x) = x**3 + 12*x**2 + 10*x - 10. Suppose 0 = 2*y - 5*z - 5, y = 6*y - 5*z + 25. Let c be j(y). Suppose -3*v = -8*v + c. List the prime factors of v.
2, 3
Let v(r) = r**3 - 10*r**2 + 13*r. Let o(g) = -g**3 + 10*g**2 - 8*g + 1. Let c be o(7). Let i be c/10 + (-8)/40. What are the prime factors of v(i)?
2, 3
Suppose j + y + 215 = 3*j, 4*j + 3*y - 435 = 0. List the prime factors of j.
2, 3
List the prime factors of ((-1484)/8 + -3)*-2 + -1.
2, 47
Let l = -28 + 27. What are the prime factors of (3 + l)*(-10 + 28)?
2, 3
Suppose -3*m - 142 = -1. List the prime factors of 1*m*(-8 + 6).
2, 47
Let g = -178 + 937. What are the prime factors of g?
3, 11, 23
Let r be ((-2)/4)/((-13)/52). Let i(x) = 1 + r*x + 3*x**2 + 0*x + 28*x**2 - x. List the prime factors of i(-1).
31
List the prime factors of 5*-1 - (-3261 - 17).
3, 1091
Suppose -3*w = 5*d - 6, -6*d + 2 = -2*d + w. Let c(x) = -x**2 + 2*x + 20. Let k be c(d). Suppose -15 = -h + k. What are the prime factors of h?
5, 7
Suppose 5*l = 3*i + 6359, -i + 5 = 3. List the prime factors of l.
19, 67
Suppose 4*v = 3*c + 25, 5*c + 11 = -4*v + 3*v. Suppose -2*l + v = -0. Suppose 85 = 5*o - k - 54, 0 = o + l*k - 19. List the prime factors of o.
3
Let u(k) = 86*k + 3. Let n be u(2). Suppose -5*m + n = 5*z, 4*z = -3*m + 2*z + 100. What are the prime factors of (-4)/6 + 890/m?
29
Let d be 0*(-3 + 1 + 3). Suppose d = -k - 3. Let u(c) = 4*c**2 + 4*c + 2. List the prime factors of u(k).
2, 13
Let i(u) = -86*u - 286. List the prime factors of i(-18).
2, 631
Suppose 5*o - 35 = -5*h, 4*o - 2*o + 4*h - 24 = 0. Suppose o*z = -2, -4*l - z + 358 = z. List the prime factors of l.
2, 3, 5
Suppose 357*s + 9152 = 361*s. Suppose s = 3*d + 8*d. List the prime factors of d.
2, 13
Suppose 9*n + 30 = 4*n. Let h be n/((-2)/(4/3)). Suppose 57 + 32 = h*z + y, 0 = 4*z + 2*y - 94. List the prime factors of z.
3, 7
Let p(m) = 6*m**2 + m - 3. Suppose -y - 2 = -2*y. Let o be ((-2)/y)/1*-2. List the prime factors of p(o).
23
Let t(b) = b**2 + 7*b + 12. Let d be t(-7). Let g be 32/d*(-3)/2. List the prime factors of g + 37 + 2 + -5.
2, 3, 5
Suppose 5*t = -3*v + 1495, 10*v = 5*t + 14*v - 1495. List the prime factors of t.
13, 23
Suppose -4*l = -7*m + 10*m - 2056, 1028 = 2*l + 5*m. List the prime factors of l.
2, 257
What are the prime factors of 1*2125 - 7*12/42?
11, 193
Let r be -3*(1 + (-10)/(-15)). Let a(o) = -13*o + 2 + 7 + 0. What are the prime factors of a(r)?
2, 37
Suppose i = 4*o + 511, 43 - 53 = -5*o. List the prime factors of i.
3, 173
Suppose 1127 = 9*m - 3328. What are the prime factors of m?
3, 5, 11
Suppose 0 = 5*y - 704 + 234. Suppose -3*i - 6*j + j = y, -2 = j. Let u = 59 + i. List the prime factors of u.
31
Suppose 0 = 4*k, 5*c - c - 4*k = 1040. Suppose c = 4*l + 60. What are the prime factors of l?
2, 5
Let g(t) = -t**3 - 20*t**2 + 4*t - 17. List the prime factors of g(-22).
863
Let r(l) = l**3 + 8*l**2 + 9*l + 6. Let k(d) = d**2 + 3*d + 8. Let b(m) = -m + 1. Let q(h) = -4*b(h) + k(h). Let n be q(-5). List the prime factors of r(n).
2, 3
Suppose 18*a = 12*a + 2094. What are the prime factors of a?
349
Suppose -3*c - 26 = -398. What are the prime factors of 24/16*c/6?
31
Suppose 15*p - 10*p = -a + 10, -p = -3. What are the prime factors of (6/4)/(6/(-3420)*a)?
3, 19
Let b(n) = -6*n - 22. Let a be b(10). Let u = a + 121. Suppose 6*h - 159 = -u. List the prime factors of h.
2, 5
Let t = 1326 - 335. What are the prime factors of t?
991
Let q(i) = 13*i**3 + i**2 - i + 34. List the prime factors of q(5).
23, 73
Let g(k) = 7 + 6*k - 6*k + 4*k. Let c be g(6). Let f = c + -5. List the prime factors of f.
2, 13
Let l(j) = 7*j + 10. Let c(m) = 6*m + 11. Let f(b) = 5*b**3 + b**2 - 1. Let w be f(-1). Let h(z) = w*c(z) + 4*l(z). List the prime factors of h(-10).
5
Let t(p) = 5 + 2 - 10*p - 6. Let i be t(2). Let o = 6 - i. What are the prime factors of o?
5
Let p(x) = -x**3 - x**2 + x - 1. Let r(q) = -5*q**3 + 5*q**2 - 7*q - 4. Let w(n) = 4*p(n) - r(n). Let j = -6 - -14. List the prime factors of w(j).
2, 3
Let p(m) = 22*m + 40. List the prime factors of p(5).
2, 3, 5
Let i be (-4 + 92/(-16))*-4. Suppose 0 = 5*a - 5*n - 285, a - 4*n - 15 = i. List the prime factors of a.
2, 29
Suppose -1170 = -2*g - 2*o, -3*o - 1672 = 5*g - 4605. List the prime factors of g.
19, 31
Let j(g) = g**2 + 11*g - 3. Let h be j(-10). Let n(k) = -k**3 - 4*k - 1 - 8 - 27*k**2 + 14*k**2. What are the prime factors of n(h)?
43
Let a(f) = 4*f**3 + 3*f**2 - 4. Let x be a(-2). Let k = 40 + x. Suppose 2*n - 42 = -b, -3*b - 4*n = -100 - k. List the prime factors of b.
2
What are the prime factors of (-5752)/(-6) - (-13)/(78/(-4))?
2, 479
Let u = 2 - 4. Let q be (39/3)/(u/(-6)). Let g = -23 + q. List the prime factors of g.
2
Let t(r) = r**3 + 2*r**2. Let q be t(-1). Let a(k) = 5*k**3 - k**2 + 2*k - 2. Let i be a(q). Suppose i*n = 46 + 66. List the prime factors of n.
2, 7
Let g = 267 - 221. What are the prime factors of g?
2, 23
Let v(n) = 41*n + 150. What are the prime factors of v(12)?
2, 3, 107
Let o be -2 - (-3 - (3 + -5)). Let z be o + -3 + 0 + 2. What are the prime factors of (32/6)/(z/(-9))?
2, 3
Let i(t) = -t. Let u(y) = 2*y - 1. Let j(k) = 3*i(k) + 2*u(k). Let m be j(1). Let z(c) = -17*c**3 + 2*c**2 + c. What are the prime factors of z(m)?
2, 3
Suppose -6*j = -2*j + 4*o + 8, -o = -j + 8. Suppose -2*c - 64 = 2*t, -c + 2*c - 112 = j*t. What are the prime factors of -1 - (-4)/2 - t?
37
Suppose 3 = -3*i - 3. What are the prime factors of ((-168)/(-35))/(i/(-100)*3)?
2, 5
Let l(g) = -g**3 - 21*g**2 + 14*g - 17. Let v(s) = -2*s**2 + 55*s + 6. Let a be v(28). What are the prime factors of l(a)?
3, 53
Suppose -2*t - 10 = -4*n, 0 = -t - 5*n - 12 - 14. Let s(z) = z**3 + 12*z**2 + z - 10. What are the prime factors of s(t)?
2, 5
Suppose -c + 403 = -h, 4*c + 9*h - 1585 = 4*h. List the prime factors of c.
2, 5
Let q be (-1)/(0 - 3/(-21)). Let s(n) = -2*n**2 - 16*n + 9. List the prime factors of s(q).
23
Let c(t) = 32*t + 15. Let v be c(-3). What are the prime factors of (264/36)/((12/v)/(-2))?
3, 11
Suppose -137 = -2*p + 5*s, -s + 53 = 2*p - 54. What are the prime factors of p?
2, 7
Let o(r) = 20*r - 45. Suppose a - 13 = -4*i, -4*i + 3*i + 26 = 2*a. What are the prime factors of o(a)?
5, 43
List the prime factors of (-1)/(-3) + 14278/33.
433
Suppose 3*x + 0 - 3 = 0. Let a be (x - 50/6)*-3. Suppose 2*r - 20 = a. What are the prime factors of r?
3, 7
What are the prime factors of (-8)/1 + 128*7?
2, 3, 37
List the prime factors of 9350/40 + (-2)/(-8).
2, 3, 13
Let p = 1182 + -669. List the prime factors of p.
3, 19
What are the prime factors of (-54)/648 - 17066/(-24)?
3, 79
Let d(j) = -j**2 - 8*j - 6. Let z be d(-9). Let g(w) = 15 - w**2 - 14*w - 5*w + 2*w. What are the prime factors of g(z)?
3, 5
Let w = 1173 - -272. What are the prime factors of w?
5, 17
Let x = -5 + 8. Suppose -2*y + t = -126, 5*y + 0*y - 293 = -x*t. List the prime factors of y.
61
Let y(w) = -w**3 + 9*w**2 + w - 1. Let q be y(9). Suppose 18*p = 20*p - q. Suppose p*l - 40 = 68. What are the prime factors of l?
3
Let y(x) = 19*x + 94. List the prime factors of y(7).
227
Suppose -12*i - 258 = -10*i. Let h = 332 + i. List the prime factors of h.
7, 29
List the prime factors of ((-24)/(-10))/(-3) + (-8483)/(-85).
3